4)?
11
Suppose 0 = 5*x + 244 + 6. Let v be 1/(x/(-48) + -1). Suppose -2*r = 3*u - 15, v = 4*u + u + 3*r. What is the remainder when 4 is divided by u?
1
Let a(z) be the first derivative of -z**4/4 + 4*z**3/3 + 3*z**2/2 - 3*z - 1. Suppose 3*i = 2*i + 26. What is the remainder when i is divided by a(4)?
8
Let d = -1 + -2. Let i(m) = m**2 - 4*m + 1. Let u be i(d). Suppose x + x - u = 0. What is the remainder when x is divided by 4?
3
Suppose 2*t - 20 = -5*y, 18 = t + t + 4*y. Suppose 5*w + 4*x = 44, -49 = -5*w - x - 8. What is the remainder when w is divided by t?
3
Let k be (1/(-2))/((-7)/658). Suppose 12 = -2*h + b + 39, 5*b + k = 2*h. What is the remainder when 30 is divided by h?
8
Let m(y) = 4*y - 3. Calculate the remainder when 73 is divided by m(7).
23
Suppose -4*d + 2*g - 25 = 7, 5*d = 4*g - 46. Let j = d - -8. Suppose -4*h + 9 = -h. Calculate the remainder when h is divided by j.
1
Suppose -5*y + 16 = -24. Calculate the remainder when 47 is divided by y.
7
Let q = 6 + 2. Let b(n) = n**2 - 5*n - 5. Calculate the remainder when b(q) is divided by 10.
9
Let p = -65 + 68. What is the remainder when 22 is divided by p?
1
Suppose 1444 = 4*n + 232. Let q be n/5 - 4/(-10). Let u = q - 29. What is the remainder when u is divided by 17?
15
What is the remainder when 89 is divided by ((-6)/(-9))/((-10)/(-345))?
20
Suppose 39 = 3*h - 0*h. Suppose -1 = -g + 2*n - 9, -g - 5*n + 13 = 0. Let j = g - -9. Calculate the remainder when h is divided by j.
6
Let i(b) = 14*b + 17. Calculate the remainder when i(6) is divided by 35.
31
Let b(t) = -2*t - 5. Let f be b(-6). Let s = f - 2. What is the remainder when 14 is divided by s?
4
Let u(v) = -2*v - 4. What is the remainder when 27 is divided by u(-7)?
7
Let h(x) = 17*x**2 - 6*x - 4. What is the remainder when h(2) is divided by 6?
4
Let w(d) = -9 + 3*d**2 + 8 + d**2 + 2*d - 2*d**2. What is the remainder when w(2) is divided by 6?
5
Let a(x) = x**3 - x**2 - 3. Let y be 2 + 0/(-3 + 4). What is the remainder when a(3) is divided by y + (-12)/4 + 9?
7
Suppose 0 = -j - 3*j + 32. Let f = j + -3. Calculate the remainder when f is divided by 2.
1
Let u be -1 - 0 - -3 - 0. Suppose u*c + 1 = -3. Calculate the remainder when (8/(-5))/(c/20) is divided by 6.
4
Let k(s) = -s**3 - 9*s**2 - 13*s - 17. What is the remainder when k(-8) is divided by 9?
5
Let j = 8 - 10. Let s = j + 4. What is the remainder when 2 is divided by s?
0
Suppose -6*n + 5*n - 3 = 0. Let j be (-8)/n*3/2. Suppose j*k + 0*k = -8, -2*u = k - 38. Calculate the remainder when u is divided by 7.
6
Let a = -64 - -102. Calculate the remainder when a is divided by 10.
8
Let h(l) = 8*l - 1. What is the remainder when h(5) is divided by (3 - -2)/(-3 + (-7)/(-2))?
9
Suppose 3*i + 30 = i. Let h(s) = -2*s + 6. Let t be h(8). Let v = t - i. What is the remainder when 14 is divided by v?
4
Suppose 0 = 4*o + 34 + 30. Let x = o - -30. Calculate the remainder when 25 is divided by x.
11
Let l(g) = g**2 + 14*g - 13. Let x be l(-16). Suppose 21 = 4*q - x. Let a = -4 + 21. Calculate the remainder when a is divided by q.
7
Let s(j) = 4*j - 22. What is the remainder when 69 is divided by s(10)?
15
Suppose 4*j - 3*l - 16 = 0, -2*j = -7*j - 4*l - 11. Calculate the remainder when 27 + (1 - -2 - j) is divided by 10.
9
Suppose k + 2*d + 3 = 0, 3*d - 4 = -2*k - 12. Let f = k + 8. Calculate the remainder when f is divided by 1.
0
Let m = -10 + 26. What is the remainder when m is divided by 6?
4
Let m be 1*(-2 + 1)*13. Let r = m - -32. Calculate the remainder when 56 is divided by r.
18
Suppose d + 1 = s - 3, 10 = 2*d. What is the remainder when 98 is divided by s?
8
Let x(b) = -45*b - 56. What is the remainder when x(-7) is divided by 65?
64
Suppose 3*m - 56*r = -61*r + 151, 0 = 5*m - 4*r - 264. Suppose -3*g - 5*s + 38 = -0*s, 3*s - 47 = -4*g. Calculate the remainder when m is divided by g.
8
Let u = -5 - 2. Let v = u - -14. What is the remainder when (20 + 0/(-2))*1 is divided by v?
6
Let d = 8 + 6. Calculate the remainder when (d/(-6))/((-1)/9) is divided by 1 - (-2 + 12)*-1.
10
Let n(t) = -2*t + 1. Let l be n(-1). Suppose -13 = 3*h + 2. What is the remainder when 34 is divided by 12/(-1 - h/l)?
16
Suppose -4*h + 20 = -0*h. Suppose 2*m - 5*p - 58 = -m, h*p + 14 = -m. Calculate the remainder when m is divided by 1/(-4) - (-25)/4.
5
Let z(k) = -k**2 - 9*k - 4. Calculate the remainder when z(-5) is divided by 5.
1
Let j(k) = k**2 - 6. Let a(c) = c**2 + 9*c - 3. Let r be a(-9). Calculate the remainder when j(5) is divided by (6 - r) + (-1 - -2).
9
Let w(i) = -i**3 + 12. What is the remainder when w(0) is divided by 8?
4
Let d(v) = -v**3 + 18*v**2 + 29. Suppose -4*o - 2*t = -30, o = t - 3 + 18. What is the remainder when d(18) is divided by o?
9
Let w(o) = 10*o**2 + 9*o - 1. Let m = 48 - -12. Calculate the remainder when m is divided by w(-2).
18
Let d(k) = -k - 4. Let o be d(-7). Suppose o*f = -4*s + s + 96, f = 2*s - 58. Suppose j = -2*j + s. What is the remainder when 19 is divided by j?
9
Let s(o) be the second derivative of 1/2*o**2 + 0*o**3 - 3*o + 9/4*o**5 + 0 + 0*o**4. Calculate the remainder when s(1) is divided by 16.
14
Let t(a) = -a**3 - 3*a**2 - 3*a - 1. Let v be t(-2). Let z be (v + -20)/((-1)/(-5)). What is the remainder when (1 - 7/5)*z is divided by 13?
12
Let c(z) = 13*z - 1. Let o be c(1). Suppose -d + 6*s = 3*s - 4, 0 = -d - s + o. What is the remainder when 37 is divided by d?
7
Let n be (-1)/(0 - 2/224). Suppose 0*q + 4*q - n = 0. What is the remainder when q is divided by 15?
13
Let b = -17 - -13. What is the remainder when 2/(-2) + 67 + 1 is divided by 23*(3 - (-2 - b))?
21
Let m be (-1)/(-4) + 210/24. Suppose 2*f - m = -f. Calculate the remainder when 10 is divided by 2/f*27/6.
1
Let x(y) = -y**3 + 10*y**2 + 2*y + 16. What is the remainder when x(10) is divided by 13?
10
Suppose 0 = -2*o - 2*i + 14, 3*i = 4*i - 3. Calculate the remainder when 4 is divided by o.
0
Suppose -j = -5*r + 54, -19 = -2*r - j + 4. Calculate the remainder when 30 is divided by r.
8
Let x = 0 + 13. Calculate the remainder when 36 is divided by x.
10
Let u = -6 - -25. Let j = -11 + u. What is the remainder when 15 is divided by j?
7
Let y = 25 + 8. Calculate the remainder when y is divided by 12.
9
Suppose -3*t + 39 = -0*t. Let w(o) = -4*o - 23. Let l(u) = -u - 1. Let s(r) = 5*l(r) - w(r). Calculate the remainder when s(t) is divided by 4.
1
Let s = 5 - -3. Calculate the remainder when 1130/50 + (-2)/(-5) is divided by s.
7
Suppose 0 = 4*l - 37 - 31. Let h = 39 + 10. Calculate the remainder when h is divided by l.
15
Suppose -6*u + 530 = -94. Suppose -4*n = -85 + 1. What is the remainder when u is divided by n?
20
Let o = -1 - -4. Suppose -o*x - 3*k = -57, 1 + 2 = 3*k. Let s = 43 - -10. Calculate the remainder when s is divided by x.
17
What is the remainder when (-6)/(-10) - (-8676)/90 is divided by 33?
31
Suppose l + 1 - 6 = 0, -5*k + 35 = -4*l. Calculate the remainder when 18 is divided by k.
7
Let z = 5 - 6. What is the remainder when 3 + ((-32)/z - -2) is divided by 10?
7
Let x(a) = 23*a - 15. Let v be x(7). Suppose 3*j + 3*m - 378 = 0, m = -j - 4*m + v. What is the remainder when j is divided by 31?
28
Suppose 3*m + 15 + 48 = 3*f, 5*f - 121 = m. Calculate the remainder when f is divided by 13.
12
Let k be 4/8*6 - 1. Suppose 5*p = -l + 4*l + 49, -k*l + 4 = 0. What is the remainder when 41 is divided by p?
8
Suppose -5*p - 15 - 10 = 0. Let t(k) = -2*k + 1. What is the remainder when 32 is divided by t(p)?
10
Let q be 4/(-20) - 868/10. Let z = q + 144. Calculate the remainder when z is divided by 20.
17
Suppose 0 = g - 4*g + 21. Let v = g + 9. What is the remainder when 45 is divided by v?
13
What is the remainder when (1 - -67) + (6 - 12) is divided by 22?
18
Suppose -j - 5*a + 13 = 0, -4*j + 3 = -3*j - 5*a. Suppose -2*g - 6 = g + 3*h, -h = -2*g + 11. Calculate the remainder when j is divided by g.
2
Suppose 0 = -3*f + 3*v + 36, 3*f + 2*v - 50 = -2*v. Suppose f + 22 = 3*n. What is the remainder when n is divided by 5?
2
Let h = 28 - 18. What is the remainder when 57 is divided by h?
7
Let u = -15 + 38. Calculate the remainder when 66 is divided by u.
20
What is the remainder when (-6)/4*(-13)/(52/552) is divided by 21?
18
Let l(k) = 6*k**2 - 1. Let c(g) = g**2 + 4*g - 2. What